{"id":70,"date":"2021-06-17T14:00:01","date_gmt":"2021-06-17T14:00:01","guid":{"rendered":"http:\/\/familyfirmssuccession.projects.unibz.it\/?page_id=70"},"modified":"2022-12-15T14:14:53","modified_gmt":"2022-12-15T14:14:53","slug":"il-progetto","status":"publish","type":"page","link":"https:\/\/familyfirmssuccession.projects.unibz.it\/?page_id=70","title":{"rendered":"Il progetto"},"content":{"rendered":"\n<h2 class=\"wp-block-heading\">Il progetto<\/h2>\n\n\n\n<h2 class=\"wp-block-heading\"><strong>La successione delle imprese familiari alle generazioni successive e il diritto delle successioni a causa di morte in Europa: prospettive presenti e future (FAMSL)<\/strong><\/h2>\n\n\n\n<p><br>Il passaggio generazionale delle imprese familiari \u00e8 un tema di grande interesse nell\u2019attualit\u00e0, considerato che numerosissime imprese familiari nel mercato europeo si trovano ad affrontare tale delicato momento. La Commissione Europea ha sollecitato l\u2019attenzione degli Stati Membri sulla questione sin dall\u2019emanazione della Comunicazione del 1998 (98\/C 93\/02) e le ragioni per questo vivo interesse sono tuttora valide.<br>Il tema \u00e8 di notevole importanza data l\u2019alta percentuale di imprese familiari presenti nell\u2019intera economia ed osservato che pochissime di queste sopravvivono oltre la prima generazione. La successione dell\u2019impresa familiare non ha solo conseguenze economiche, ma interessa anche la forza lavoro delle imprese e quindi l\u2019intera societ\u00e0 civile.<br>Attualmente, le prassi manageriali e le norme di legge per affrontare le rilevanti implicazioni economiche e sociali della successione dell\u2019impresa familiare sono ancora in fase di studio e sperimentazione. La ricerca in merito al passaggio nel governo dell\u2019impresa si \u00e8 concentrata principalmente sul trasferimento della leadership, sulla sua pianificazione e sull\u2019identificazione delle caratteristiche dei soggetti in carica e dei relativi successori al fine di garantire una transizione graduale ed efficace, ma la complessit\u00e0 del fenomeno \u00e8 lontana dall\u2019essere completamente compresa.<br> Dal punto di vista giuridico, il dibattito verso la definizione di una normativa completa per la successione delle imprese familiari nei vari Paesi europei \u00e8 pienamente aperto, nonostante alcune novit\u00e0 legislative introdotte negli ultimi anni. Allo stesso tempo, la successione mortis causa della persona fisica \u00e8 ancora basata su principi fondamentali provenienti da un lontano passato.<br>Gli studi sociologici possono anche essere d\u2019aiuto nello studio delle relazioni e delle dinamiche sociali proprie delle imprese familiari.<\/p>\n\n\n\n<p><strong>Membri del Gruppo di ricerca<\/strong><br>Prof. Laura Valle \u2013 Principal Investigator, Prof. Ilaria Riccioni \u2013 Co-Investigator, Prof. Alfredo De Massis<br>Dott. Vittoria Magrell, Dott. Carolina Magli (fino al 14.10.2020), Dott. Emanuela Rondi (fino al 28.2.2021)<\/p>\n\n\n\n<p><strong>Collaboratori del Progetto<\/strong><br>Dott. Sara Addamo, Dott. Martina D\u2019Onofrio, Dott. Patricia Escribano Tortajada, Dott. Davide Maria   Locatello, Dott. Kila Kikelomo, Dott. Filippo Rizzi, Dott. Diego Tilola<\/p>\n\n\n\n<p><\/p>\n\n\n\n<div style=\"height:100px\" aria-hidden=\"true\" class=\"wp-block-spacer\"><\/div>\n\n\n\n<h2 class=\"wp-block-heading\"><strong>ENGLISH VERSION<\/strong><\/h2>\n\n\n\n<h2 class=\"wp-block-heading\"><strong>Handing over the family business to the next generation and the succession law in Europe: Present challenges and future perspectives. (FAMSL)<\/strong><\/h2>\n\n\n\n<p><br> The transfer of the family business to the next generation is a topic that currently attracts great attention considering that a big number of family enterprises in the European market are interested by such a stage. The European Commission has stressed the attention on this issue since the issuance of the Communication of 1998 (98\/C 93\/02) and the reasons of this actual interest are still presently true.<br> The topic is of remarkable importance given the high percentage of the family firms in the whole economy and considering that very few family businesses survive beyond the first generation. Family firm succession has not only economic consequences but affects also the workforce of the enterprises and so the whole civil society.<br> Currently, managerial practices and the rules of law to deal with the economic and social importance of the family firm succession are not completely consolidated yet and still under investigation. Research on succession in management has mainly focused on leadership transfer, its planning and the identification of incumbent and successor attributes to ensure a smooth transition, leaving the complexity of the phenomenon far from being completely grasped.<br> From the law point of view the debate towards the definition of a proper regulations for family business succession in the various European countries is fully open notwithstanding some new regulations given in the past years. At the same time the person succession mortis causa is still based on fundamental principles of the distant past.  <br>Sociology can help in the study of relationship and social dynamics which are specific of family firms. <\/p>\n\n\n<p>\n<!--StartFragment--><\/p>\n\n\n<p><strong>Members of the Researchers&#8217; group<\/strong><br> Prof. Laura Valle \u2013 Principal Investigator, Prof. Ilaria Riccioni \u2013 Co-Investigator, Prof. Alfredo De Massis<br>Dott. Vittoria Magrell, Dott. Carolina Magli (fino al 14.10.2020), Dott. Emanuela Rondi (fino al 28.2.2021)<\/p>\n\n\n\n<p><strong>Project collaborators<\/strong><br>Dott. Sara Addamo, Dott. Martina D\u2019Onofrio, Dott. Patricia Escribano Tortajada, Dott. Davide Maria   Locatello, Dott. Kila Kikelomo, Dott. Filippo Rizzi, Dott. Diego Tilola<\/p>\n\n\n\n<p><br> <\/p>\n\n\n<p><!--EndFragment--><\/p>\n\n\n<p><\/p>\n","protected":false},"excerpt":{"rendered":"<p>Il progetto La successione delle imprese familiari alle generazioni successive e il diritto delle successioni a causa di morte in Europa: prospettive presenti e future (FAMSL) Il passaggio generazionale delle imprese familiari \u00e8 un tema di grande interesse nell\u2019attualit\u00e0, considerato che numerosissime imprese familiari nel mercato europeo si trovano ad [&hellip;]<\/p>\n","protected":false},"author":6,"featured_media":41,"parent":0,"menu_order":0,"comment_status":"closed","ping_status":"closed","template":"","meta":{"footnotes":""},"class_list":["post-70","page","type-page","status-publish","has-post-thumbnail","hentry"],"yoast_head":"<!-- This site is optimized with the Yoast SEO plugin v27.3 - https:\/\/yoast.com\/product\/yoast-seo-wordpress\/ -->\n<title>Il progetto - demo.unibz.it<\/title>\n<meta name=\"robots\" content=\"index, follow, max-snippet:-1, max-image-preview:large, max-video-preview:-1\" \/>\n<link rel=\"canonical\" href=\"https:\/\/familyfirmssuccession.projects.unibz.it\/?page_id=70\" \/>\n<meta property=\"og:locale\" content=\"en_US\" \/>\n<meta property=\"og:type\" content=\"article\" \/>\n<meta property=\"og:title\" content=\"Il progetto - demo.unibz.it\" \/>\n<meta property=\"og:description\" content=\"Il progetto La successione delle imprese familiari alle generazioni successive e il diritto delle successioni a causa di morte in Europa: prospettive presenti e future (FAMSL) Il passaggio generazionale delle imprese familiari \u00e8 un tema di grande interesse nell\u2019attualit\u00e0, considerato che numerosissime imprese familiari nel mercato europeo si trovano ad [&hellip;]\" \/>\n<meta property=\"og:url\" content=\"https:\/\/familyfirmssuccession.projects.unibz.it\/?page_id=70\" \/>\n<meta property=\"og:site_name\" content=\"demo.unibz.it\" \/>\n<meta property=\"article:modified_time\" content=\"2022-12-15T14:14:53+00:00\" \/>\n<meta property=\"og:image\" content=\"https:\/\/familyfirmssuccession.projects.unibz.it\/wp-content\/uploads\/2021\/06\/Trust_WordPress-02.jpg\" \/>\n\t<meta property=\"og:image:width\" content=\"7914\" \/>\n\t<meta property=\"og:image:height\" content=\"2613\" \/>\n\t<meta property=\"og:image:type\" content=\"image\/jpeg\" \/>\n<meta name=\"twitter:card\" content=\"summary_large_image\" \/>\n<meta name=\"twitter:label1\" content=\"Est. reading time\" \/>\n\t<meta name=\"twitter:data1\" content=\"3 minutes\" \/>\n<script type=\"application\/ld+json\" class=\"yoast-schema-graph\">{\"@context\":\"https:\\\/\\\/schema.org\",\"@graph\":[{\"@type\":\"WebPage\",\"@id\":\"https:\\\/\\\/familyfirmssuccession.projects.unibz.it\\\/?page_id=70\",\"url\":\"https:\\\/\\\/familyfirmssuccession.projects.unibz.it\\\/?page_id=70\",\"name\":\"Il progetto - demo.unibz.it\",\"isPartOf\":{\"@id\":\"https:\\\/\\\/familyfirmssuccession.projects.unibz.it\\\/#website\"},\"primaryImageOfPage\":{\"@id\":\"https:\\\/\\\/familyfirmssuccession.projects.unibz.it\\\/?page_id=70#primaryimage\"},\"image\":{\"@id\":\"https:\\\/\\\/familyfirmssuccession.projects.unibz.it\\\/?page_id=70#primaryimage\"},\"thumbnailUrl\":\"https:\\\/\\\/familyfirmssuccession.projects.unibz.it\\\/wp-content\\\/uploads\\\/2021\\\/06\\\/Trust_WordPress-02.jpg\",\"datePublished\":\"2021-06-17T14:00:01+00:00\",\"dateModified\":\"2022-12-15T14:14:53+00:00\",\"breadcrumb\":{\"@id\":\"https:\\\/\\\/familyfirmssuccession.projects.unibz.it\\\/?page_id=70#breadcrumb\"},\"inLanguage\":\"en-US\",\"potentialAction\":[{\"@type\":\"ReadAction\",\"target\":[\"https:\\\/\\\/familyfirmssuccession.projects.unibz.it\\\/?page_id=70\"]}]},{\"@type\":\"ImageObject\",\"inLanguage\":\"en-US\",\"@id\":\"https:\\\/\\\/familyfirmssuccession.projects.unibz.it\\\/?page_id=70#primaryimage\",\"url\":\"https:\\\/\\\/familyfirmssuccession.projects.unibz.it\\\/wp-content\\\/uploads\\\/2021\\\/06\\\/Trust_WordPress-02.jpg\",\"contentUrl\":\"https:\\\/\\\/familyfirmssuccession.projects.unibz.it\\\/wp-content\\\/uploads\\\/2021\\\/06\\\/Trust_WordPress-02.jpg\",\"width\":7914,\"height\":2613},{\"@type\":\"BreadcrumbList\",\"@id\":\"https:\\\/\\\/familyfirmssuccession.projects.unibz.it\\\/?page_id=70#breadcrumb\",\"itemListElement\":[{\"@type\":\"ListItem\",\"position\":1,\"name\":\"Home\",\"item\":\"https:\\\/\\\/familyfirmssuccession.projects.unibz.it\\\/\"},{\"@type\":\"ListItem\",\"position\":2,\"name\":\"Il progetto\"}]},{\"@type\":\"WebSite\",\"@id\":\"https:\\\/\\\/familyfirmssuccession.projects.unibz.it\\\/#website\",\"url\":\"https:\\\/\\\/familyfirmssuccession.projects.unibz.it\\\/\",\"name\":\"demo.unibz.it\",\"description\":\"Just another WordPress site\",\"potentialAction\":[{\"@type\":\"SearchAction\",\"target\":{\"@type\":\"EntryPoint\",\"urlTemplate\":\"https:\\\/\\\/familyfirmssuccession.projects.unibz.it\\\/?s={search_term_string}\"},\"query-input\":{\"@type\":\"PropertyValueSpecification\",\"valueRequired\":true,\"valueName\":\"search_term_string\"}}],\"inLanguage\":\"en-US\"}]}<\/script>\n<!-- \/ Yoast SEO plugin. -->","yoast_head_json":{"title":"Il progetto - demo.unibz.it","robots":{"index":"index","follow":"follow","max-snippet":"max-snippet:-1","max-image-preview":"max-image-preview:large","max-video-preview":"max-video-preview:-1"},"canonical":"https:\/\/familyfirmssuccession.projects.unibz.it\/?page_id=70","og_locale":"en_US","og_type":"article","og_title":"Il progetto - demo.unibz.it","og_description":"Il progetto La successione delle imprese familiari alle generazioni successive e il diritto delle successioni a causa di morte in Europa: prospettive presenti e future (FAMSL) Il passaggio generazionale delle imprese familiari \u00e8 un tema di grande interesse nell\u2019attualit\u00e0, considerato che numerosissime imprese familiari nel mercato europeo si trovano ad [&hellip;]","og_url":"https:\/\/familyfirmssuccession.projects.unibz.it\/?page_id=70","og_site_name":"demo.unibz.it","article_modified_time":"2022-12-15T14:14:53+00:00","og_image":[{"width":7914,"height":2613,"url":"https:\/\/familyfirmssuccession.projects.unibz.it\/wp-content\/uploads\/2021\/06\/Trust_WordPress-02.jpg","type":"image\/jpeg"}],"twitter_card":"summary_large_image","twitter_misc":{"Est. reading time":"3 minutes"},"schema":{"@context":"https:\/\/schema.org","@graph":[{"@type":"WebPage","@id":"https:\/\/familyfirmssuccession.projects.unibz.it\/?page_id=70","url":"https:\/\/familyfirmssuccession.projects.unibz.it\/?page_id=70","name":"Il progetto - demo.unibz.it","isPartOf":{"@id":"https:\/\/familyfirmssuccession.projects.unibz.it\/#website"},"primaryImageOfPage":{"@id":"https:\/\/familyfirmssuccession.projects.unibz.it\/?page_id=70#primaryimage"},"image":{"@id":"https:\/\/familyfirmssuccession.projects.unibz.it\/?page_id=70#primaryimage"},"thumbnailUrl":"https:\/\/familyfirmssuccession.projects.unibz.it\/wp-content\/uploads\/2021\/06\/Trust_WordPress-02.jpg","datePublished":"2021-06-17T14:00:01+00:00","dateModified":"2022-12-15T14:14:53+00:00","breadcrumb":{"@id":"https:\/\/familyfirmssuccession.projects.unibz.it\/?page_id=70#breadcrumb"},"inLanguage":"en-US","potentialAction":[{"@type":"ReadAction","target":["https:\/\/familyfirmssuccession.projects.unibz.it\/?page_id=70"]}]},{"@type":"ImageObject","inLanguage":"en-US","@id":"https:\/\/familyfirmssuccession.projects.unibz.it\/?page_id=70#primaryimage","url":"https:\/\/familyfirmssuccession.projects.unibz.it\/wp-content\/uploads\/2021\/06\/Trust_WordPress-02.jpg","contentUrl":"https:\/\/familyfirmssuccession.projects.unibz.it\/wp-content\/uploads\/2021\/06\/Trust_WordPress-02.jpg","width":7914,"height":2613},{"@type":"BreadcrumbList","@id":"https:\/\/familyfirmssuccession.projects.unibz.it\/?page_id=70#breadcrumb","itemListElement":[{"@type":"ListItem","position":1,"name":"Home","item":"https:\/\/familyfirmssuccession.projects.unibz.it\/"},{"@type":"ListItem","position":2,"name":"Il progetto"}]},{"@type":"WebSite","@id":"https:\/\/familyfirmssuccession.projects.unibz.it\/#website","url":"https:\/\/familyfirmssuccession.projects.unibz.it\/","name":"demo.unibz.it","description":"Just another WordPress site","potentialAction":[{"@type":"SearchAction","target":{"@type":"EntryPoint","urlTemplate":"https:\/\/familyfirmssuccession.projects.unibz.it\/?s={search_term_string}"},"query-input":{"@type":"PropertyValueSpecification","valueRequired":true,"valueName":"search_term_string"}}],"inLanguage":"en-US"}]}},"_links":{"self":[{"href":"https:\/\/familyfirmssuccession.projects.unibz.it\/index.php?rest_route=\/wp\/v2\/pages\/70","targetHints":{"allow":["GET"]}}],"collection":[{"href":"https:\/\/familyfirmssuccession.projects.unibz.it\/index.php?rest_route=\/wp\/v2\/pages"}],"about":[{"href":"https:\/\/familyfirmssuccession.projects.unibz.it\/index.php?rest_route=\/wp\/v2\/types\/page"}],"author":[{"embeddable":true,"href":"https:\/\/familyfirmssuccession.projects.unibz.it\/index.php?rest_route=\/wp\/v2\/users\/6"}],"replies":[{"embeddable":true,"href":"https:\/\/familyfirmssuccession.projects.unibz.it\/index.php?rest_route=%2Fwp%2Fv2%2Fcomments&post=70"}],"version-history":[{"count":11,"href":"https:\/\/familyfirmssuccession.projects.unibz.it\/index.php?rest_route=\/wp\/v2\/pages\/70\/revisions"}],"predecessor-version":[{"id":215,"href":"https:\/\/familyfirmssuccession.projects.unibz.it\/index.php?rest_route=\/wp\/v2\/pages\/70\/revisions\/215"}],"wp:featuredmedia":[{"embeddable":true,"href":"https:\/\/familyfirmssuccession.projects.unibz.it\/index.php?rest_route=\/wp\/v2\/media\/41"}],"wp:attachment":[{"href":"https:\/\/familyfirmssuccession.projects.unibz.it\/index.php?rest_route=%2Fwp%2Fv2%2Fmedia&parent=70"}],"curies":[{"name":"wp","href":"https:\/\/api.w.org\/{rel}","templated":true}]}}